{"id":1027,"date":"2024-05-31T00:54:48","date_gmt":"2024-05-31T03:54:48","guid":{"rendered":"https:\/\/novo.nteditora.com.br\/loja\/?post_type=product&#038;p=1027"},"modified":"2024-08-20T15:40:50","modified_gmt":"2024-08-20T18:40:50","slug":"combo-livro-curso-legislacao-previdenciaria","status":"publish","type":"product","link":"http:\/\/novo.nteditora.com.br\/loja\/produto\/combo-livro-curso-legislacao-previdenciaria\/","title":{"rendered":"Combo Livro + Curso | Legisla\u00e7\u00e3o Previdenci\u00e1ria"},"content":{"rendered":"","protected":false},"excerpt":{"rendered":"<p>Neste combo, voc\u00ea ter\u00e1 acesso ao <strong>Livro e o Curso Online de Legisla\u00e7\u00e3o Previdenci\u00e1ria.<\/strong><\/p>\n<div id=\"nav-desc\" class=\"tab-pane fade show active\" role=\"tabpanel\" aria-labelledby=\"nav-desc-tab\">A Previd\u00eancia Social tem sido um dos temas mais debatidos na atualidade devido ao aumento da expectativa de vida das pessoas e as mudan\u00e7as no panorama social. O livro aborda quest\u00f5es como a atua\u00e7\u00e3o de homens e mulheres no mercado de trabalho; a valoriza\u00e7\u00e3o da mulher no novo cen\u00e1rio econ\u00f4mico, o envelhecimento da popula\u00e7\u00e3o e a diminui\u00e7\u00e3o da natalidade do mundo, entre outros fatores. O livro Legisla\u00e7\u00e3o Previdenci\u00e1ria apresenta uma contextualiza\u00e7\u00e3o hist\u00f3rica sobre a seguridade social, demonstrando sua import\u00e2ncia constitucional, identifica e categoriza os segurados obrigat\u00f3rios e facultativos na forma da lei, as formas de contribui\u00e7\u00e3o e o plano de benef\u00edcios, com intuito de orientar e atualizar o profissional que desempenha suas atividades na \u00e1rea de Gest\u00e3o de recursos Humanos, Finan\u00e7as e Contabilidade Empresarial.<\/div>\n<p><strong>Informa\u00e7\u00f5es do Curso:<\/strong><\/p>\n<ul>\n<li><strong>Tempo para Conclus\u00e3o:<\/strong> 1 m\u00eas<\/li>\n<li><strong>Carga hor\u00e1ria: <\/strong>20 h<\/li>\n<\/ul>\n<div class=\"botao-livro-curso\"><button class=\"botao-demo\"><a class=\"link-demo\" href=\"https:\/\/novo.nteditora.com.br\/demos\/tecnico\/LGP_livro_demo.pdf\" target=\"_blank\" rel=\"noopener\">Leia o primeiro cap\u00edtulo GR\u00c1TIS<\/a><\/button><br \/>\n<button class=\"botao-demo\"><a class=\"link-demo\" href=\"https:\/\/avant.grupont.com.br\/dirVirtualLMS\/portais\/demos-html5\/lgp\/index.html\" target=\"_blank\" rel=\"noopener\">Fa\u00e7a um degusta\u00e7\u00e3o GR\u00c1TIS<\/a><\/button><\/div>\n","protected":false},"featured_media":1089,"template":"","meta":[],"product_brand":[],"product_cat":[29],"product_tag":[],"class_list":{"0":"post-1027","1":"product","2":"type-product","3":"status-publish","4":"has-post-thumbnail","6":"product_cat-combos","8":"first","9":"instock","10":"sold-individually","11":"taxable","12":"shipping-taxable","13":"purchasable","14":"product-type-wooco"},"_links":{"self":[{"href":"http:\/\/novo.nteditora.com.br\/loja\/wp-json\/wp\/v2\/product\/1027","targetHints":{"allow":["GET"]}}],"collection":[{"href":"http:\/\/novo.nteditora.com.br\/loja\/wp-json\/wp\/v2\/product"}],"about":[{"href":"http:\/\/novo.nteditora.com.br\/loja\/wp-json\/wp\/v2\/types\/product"}],"wp:featuredmedia":[{"embeddable":true,"href":"http:\/\/novo.nteditora.com.br\/loja\/wp-json\/wp\/v2\/media\/1089"}],"wp:attachment":[{"href":"http:\/\/novo.nteditora.com.br\/loja\/wp-json\/wp\/v2\/media?parent=1027"}],"wp:term":[{"taxonomy":"product_brand","embeddable":true,"href":"http:\/\/novo.nteditora.com.br\/loja\/wp-json\/wp\/v2\/product_brand?post=1027"},{"taxonomy":"product_cat","embeddable":true,"href":"http:\/\/novo.nteditora.com.br\/loja\/wp-json\/wp\/v2\/product_cat?post=1027"},{"taxonomy":"product_tag","embeddable":true,"href":"http:\/\/novo.nteditora.com.br\/loja\/wp-json\/wp\/v2\/product_tag?post=1027"}],"curies":[{"name":"wp","href":"https:\/\/api.w.org\/{rel}","templated":true}]}}