{"id":1227,"date":"2024-05-10T00:01:22","date_gmt":"2024-05-10T03:01:22","guid":{"rendered":"https:\/\/novo.nteditora.com.br\/loja\/?post_type=product&#038;p=1227"},"modified":"2024-08-20T09:34:09","modified_gmt":"2024-08-20T12:34:09","slug":"lingua-portuguesa","status":"publish","type":"product","link":"http:\/\/novo.nteditora.com.br\/loja\/produto\/lingua-portuguesa\/","title":{"rendered":"L\u00edngua Portuguesa"},"content":{"rendered":"","protected":false},"excerpt":{"rendered":"<p><strong>Ariadna de Oliveira Lima Coutinho<\/strong><\/p>\n<p>Este livro apresenta, por meio de uma s\u00e9rie de perguntas e respostas, uma revis\u00e3o gramatical, com a finalidade de discutir as dificuldades mais comumente encontradas na reda\u00e7\u00e3o de textos. O livro busca aprofundar conceitos normativos da L\u00edngua Portuguesa, com vistas \u00e0 produ\u00e7\u00e3o de textos claros, precisos, concisos e gramaticalmente corretos.<\/p>\n<div class=\"botao-livro-curso\"><button class=\"botao-demo\"><a class=\"link-demo\" href=\"https:\/\/novo.nteditora.com.br\/demos\/tecnico\/LIP_livro_demo.pdf\" target=\"_blank\" rel=\"noopener\">Leia o primeiro cap\u00edtulo GR\u00c1TIS<\/a><\/button><\/div>\n","protected":false},"featured_media":1234,"template":"","meta":[],"product_brand":[],"product_cat":[23,16],"product_tag":[],"class_list":{"0":"post-1227","1":"product","2":"type-product","3":"status-publish","4":"has-post-thumbnail","6":"product_cat-desenvolvimento-educacional","7":"product_cat-formacao-tecnico-e-profissional","9":"first","10":"onbackorder","11":"taxable","12":"shipping-taxable","13":"purchasable","14":"product-type-simple"},"_links":{"self":[{"href":"http:\/\/novo.nteditora.com.br\/loja\/wp-json\/wp\/v2\/product\/1227","targetHints":{"allow":["GET"]}}],"collection":[{"href":"http:\/\/novo.nteditora.com.br\/loja\/wp-json\/wp\/v2\/product"}],"about":[{"href":"http:\/\/novo.nteditora.com.br\/loja\/wp-json\/wp\/v2\/types\/product"}],"wp:featuredmedia":[{"embeddable":true,"href":"http:\/\/novo.nteditora.com.br\/loja\/wp-json\/wp\/v2\/media\/1234"}],"wp:attachment":[{"href":"http:\/\/novo.nteditora.com.br\/loja\/wp-json\/wp\/v2\/media?parent=1227"}],"wp:term":[{"taxonomy":"product_brand","embeddable":true,"href":"http:\/\/novo.nteditora.com.br\/loja\/wp-json\/wp\/v2\/product_brand?post=1227"},{"taxonomy":"product_cat","embeddable":true,"href":"http:\/\/novo.nteditora.com.br\/loja\/wp-json\/wp\/v2\/product_cat?post=1227"},{"taxonomy":"product_tag","embeddable":true,"href":"http:\/\/novo.nteditora.com.br\/loja\/wp-json\/wp\/v2\/product_tag?post=1227"}],"curies":[{"name":"wp","href":"https:\/\/api.w.org\/{rel}","templated":true}]}}