{"id":1791,"date":"2024-05-09T00:03:40","date_gmt":"2024-05-09T03:03:40","guid":{"rendered":"https:\/\/novo.nteditora.com.br\/loja\/?post_type=product&#038;p=1791"},"modified":"2024-08-20T09:34:04","modified_gmt":"2024-08-20T12:34:04","slug":"desenho-mecanico","status":"publish","type":"product","link":"http:\/\/novo.nteditora.com.br\/loja\/produto\/desenho-mecanico\/","title":{"rendered":"Desenho Mec\u00e2nico"},"content":{"rendered":"","protected":false},"excerpt":{"rendered":"<p><strong>Maciel da Costa Furtado<\/strong><\/p>\n<p>Com o desenvolvimento de uma grande variedade de produtos manufaturados da ind\u00fastria, surgiu a necessidade de aperfei\u00e7oar e normatizar as formas de elabora\u00e7\u00e3o e representa\u00e7\u00e3o de desenhos mec\u00e2nicos. At\u00e9 o s\u00e9culo passado, esses desenhos eram criados manualmente tendo como base para a sua constru\u00e7\u00e3o o aux\u00edlio de r\u00e9guas e compassos, o que limitava a sua constru\u00e7\u00e3o e precis\u00e3o. Este material mostra os principais conceitos empregados em desenho mec\u00e2nico, assim como as formas de desenvolver um desenho t\u00e9cnico manualmente e pelo aux\u00edlio de software.<\/p>\n<div class=\"botao-livro-curso\"><button class=\"botao-demo\"><a class=\"link-demo\" href=\"https:\/\/novo.nteditora.com.br\/demos\/tecnico\/DSM_livro_demo.pdf\" target=\"_blank\" rel=\"noopener\">Leia o primeiro cap\u00edtulo GR\u00c1TIS<\/a><\/button><\/div>\n","protected":false},"featured_media":1798,"template":"","meta":[],"product_brand":[],"product_cat":[22,16],"product_tag":[],"class_list":{"0":"post-1791","1":"product","2":"type-product","3":"status-publish","4":"has-post-thumbnail","6":"product_cat-controle-de-processos-industriais","7":"product_cat-formacao-tecnico-e-profissional","9":"first","10":"onbackorder","11":"taxable","12":"shipping-taxable","13":"purchasable","14":"product-type-simple"},"_links":{"self":[{"href":"http:\/\/novo.nteditora.com.br\/loja\/wp-json\/wp\/v2\/product\/1791","targetHints":{"allow":["GET"]}}],"collection":[{"href":"http:\/\/novo.nteditora.com.br\/loja\/wp-json\/wp\/v2\/product"}],"about":[{"href":"http:\/\/novo.nteditora.com.br\/loja\/wp-json\/wp\/v2\/types\/product"}],"wp:featuredmedia":[{"embeddable":true,"href":"http:\/\/novo.nteditora.com.br\/loja\/wp-json\/wp\/v2\/media\/1798"}],"wp:attachment":[{"href":"http:\/\/novo.nteditora.com.br\/loja\/wp-json\/wp\/v2\/media?parent=1791"}],"wp:term":[{"taxonomy":"product_brand","embeddable":true,"href":"http:\/\/novo.nteditora.com.br\/loja\/wp-json\/wp\/v2\/product_brand?post=1791"},{"taxonomy":"product_cat","embeddable":true,"href":"http:\/\/novo.nteditora.com.br\/loja\/wp-json\/wp\/v2\/product_cat?post=1791"},{"taxonomy":"product_tag","embeddable":true,"href":"http:\/\/novo.nteditora.com.br\/loja\/wp-json\/wp\/v2\/product_tag?post=1791"}],"curies":[{"name":"wp","href":"https:\/\/api.w.org\/{rel}","templated":true}]}}