{"id":1817,"date":"2024-05-09T00:12:58","date_gmt":"2024-05-09T03:12:58","guid":{"rendered":"https:\/\/novo.nteditora.com.br\/loja\/?post_type=product&#038;p=1817"},"modified":"2024-08-20T09:34:05","modified_gmt":"2024-08-20T12:34:05","slug":"eletronica-basica","status":"publish","type":"product","link":"http:\/\/novo.nteditora.com.br\/loja\/produto\/eletronica-basica\/","title":{"rendered":"Eletr\u00f4nica B\u00e1sica"},"content":{"rendered":"","protected":false},"excerpt":{"rendered":"<p><strong>Luiz Carlos Ferreira<\/strong><\/p>\n<p>O alicerce da era da informa\u00e7\u00e3o \u00e9 a Eletr\u00f4nica. Seu crescimento exponencial, a partir do uso dos materiais semicondutores, permitiu um desenvolvimento tecnol\u00f3gico sem precedentes na hist\u00f3ria. A miniaturiza\u00e7\u00e3o, a capacidade de processamento, armazenamento e transmiss\u00e3o de informa\u00e7\u00e3o e o reduzido consumo de energia propiciado pela Eletr\u00f4nica resultam em dispositivos, equipamentos e sistemas cada vez mais automatizados, port\u00e1teis, m\u00f3veis e complexos. Nesse sentido, esse material apresenta os principais componentes eletr\u00f4nicos anal\u00f3gicos existentes atualmente e, a partir dessa compreens\u00e3o, como eles podem ser utilizados na constru\u00e7\u00e3o de diversos dispositivos eletr\u00f4nicos existentes no mercado.<\/p>\n<div class=\"botao-livro-curso\"><button class=\"botao-demo\"><a class=\"link-demo\" href=\"https:\/\/novo.nteditora.com.br\/demos\/tecnico\/EBA_livro_demo.pdf\" target=\"_blank\" rel=\"noopener\">Leia o primeiro cap\u00edtulo GR\u00c1TIS<\/a><\/button><\/div>\n","protected":false},"featured_media":1823,"template":"","meta":[],"product_brand":[],"product_cat":[22,16],"product_tag":[],"class_list":{"0":"post-1817","1":"product","2":"type-product","3":"status-publish","4":"has-post-thumbnail","6":"product_cat-controle-de-processos-industriais","7":"product_cat-formacao-tecnico-e-profissional","9":"first","10":"onbackorder","11":"taxable","12":"shipping-taxable","13":"purchasable","14":"product-type-simple"},"_links":{"self":[{"href":"http:\/\/novo.nteditora.com.br\/loja\/wp-json\/wp\/v2\/product\/1817","targetHints":{"allow":["GET"]}}],"collection":[{"href":"http:\/\/novo.nteditora.com.br\/loja\/wp-json\/wp\/v2\/product"}],"about":[{"href":"http:\/\/novo.nteditora.com.br\/loja\/wp-json\/wp\/v2\/types\/product"}],"wp:featuredmedia":[{"embeddable":true,"href":"http:\/\/novo.nteditora.com.br\/loja\/wp-json\/wp\/v2\/media\/1823"}],"wp:attachment":[{"href":"http:\/\/novo.nteditora.com.br\/loja\/wp-json\/wp\/v2\/media?parent=1817"}],"wp:term":[{"taxonomy":"product_brand","embeddable":true,"href":"http:\/\/novo.nteditora.com.br\/loja\/wp-json\/wp\/v2\/product_brand?post=1817"},{"taxonomy":"product_cat","embeddable":true,"href":"http:\/\/novo.nteditora.com.br\/loja\/wp-json\/wp\/v2\/product_cat?post=1817"},{"taxonomy":"product_tag","embeddable":true,"href":"http:\/\/novo.nteditora.com.br\/loja\/wp-json\/wp\/v2\/product_tag?post=1817"}],"curies":[{"name":"wp","href":"https:\/\/api.w.org\/{rel}","templated":true}]}}