{"id":1885,"date":"2024-05-09T00:21:33","date_gmt":"2024-05-09T03:21:33","guid":{"rendered":"https:\/\/novo.nteditora.com.br\/loja\/?post_type=product&#038;p=1885"},"modified":"2024-08-20T09:34:10","modified_gmt":"2024-08-20T12:34:10","slug":"maquinas-eletricas-1","status":"publish","type":"product","link":"http:\/\/novo.nteditora.com.br\/loja\/produto\/maquinas-eletricas-1\/","title":{"rendered":"M\u00e1quinas El\u00e9tricas I"},"content":{"rendered":"","protected":false},"excerpt":{"rendered":"<p><strong>&#8220;Larissa de Matos Guedes, Pedro Augusto do Nascimento e Thiago Moreira Brito<\/strong><\/p>\n<p>Operadores e usu\u00e1rios de m\u00e1quinas el\u00e9tricas, seja na ind\u00fastria ou no com\u00e9rcio precisam conhecer n\u00e3o s\u00f3 a aplicabilidade de cada tipo de m\u00e1quina, como os processos que envolvem o seu funcionamento.  No livro M\u00e1quinas El\u00e9tricas I, o autor apresenta os conceitos fundamentais de m\u00e1quinas el\u00e9tricas, m\u00e1quinas de indu\u00e7\u00e3o trif\u00e1sicas e monof\u00e1sicas, m\u00e1quinas s\u00edncronas e m\u00e1quinas de corrente cont\u00ednua, capacitando o leitor a compreender o funcionamento delas como modo de obter maior qualidade e produtividade.<\/p>\n<div class=\"botao-livro-curso\"><button class=\"botao-demo\"><a class=\"link-demo\" href=\"https:\/\/novo.nteditora.com.br\/demos\/tecnico\/ME1_livro_demo.pdf\" target=\"_blank\" rel=\"noopener\">Leia o primeiro cap\u00edtulo GR\u00c1TIS<\/a><\/button><\/div>\n","protected":false},"featured_media":1895,"template":"","meta":[],"product_brand":[],"product_cat":[22,16],"product_tag":[],"class_list":{"0":"post-1885","1":"product","2":"type-product","3":"status-publish","4":"has-post-thumbnail","6":"product_cat-controle-de-processos-industriais","7":"product_cat-formacao-tecnico-e-profissional","9":"first","10":"onbackorder","11":"taxable","12":"shipping-taxable","13":"purchasable","14":"product-type-simple"},"_links":{"self":[{"href":"http:\/\/novo.nteditora.com.br\/loja\/wp-json\/wp\/v2\/product\/1885","targetHints":{"allow":["GET"]}}],"collection":[{"href":"http:\/\/novo.nteditora.com.br\/loja\/wp-json\/wp\/v2\/product"}],"about":[{"href":"http:\/\/novo.nteditora.com.br\/loja\/wp-json\/wp\/v2\/types\/product"}],"wp:featuredmedia":[{"embeddable":true,"href":"http:\/\/novo.nteditora.com.br\/loja\/wp-json\/wp\/v2\/media\/1895"}],"wp:attachment":[{"href":"http:\/\/novo.nteditora.com.br\/loja\/wp-json\/wp\/v2\/media?parent=1885"}],"wp:term":[{"taxonomy":"product_brand","embeddable":true,"href":"http:\/\/novo.nteditora.com.br\/loja\/wp-json\/wp\/v2\/product_brand?post=1885"},{"taxonomy":"product_cat","embeddable":true,"href":"http:\/\/novo.nteditora.com.br\/loja\/wp-json\/wp\/v2\/product_cat?post=1885"},{"taxonomy":"product_tag","embeddable":true,"href":"http:\/\/novo.nteditora.com.br\/loja\/wp-json\/wp\/v2\/product_tag?post=1885"}],"curies":[{"name":"wp","href":"https:\/\/api.w.org\/{rel}","templated":true}]}}