{"id":1931,"date":"2024-05-09T00:28:04","date_gmt":"2024-05-09T03:28:04","guid":{"rendered":"https:\/\/novo.nteditora.com.br\/loja\/?post_type=product&#038;p=1931"},"modified":"2024-08-20T09:34:11","modified_gmt":"2024-08-20T12:34:11","slug":"planejamento-e-qualidade-em-servicos-de-manutencao","status":"publish","type":"product","link":"http:\/\/novo.nteditora.com.br\/loja\/produto\/planejamento-e-qualidade-em-servicos-de-manutencao\/","title":{"rendered":"Planejamento e Qualidade em Servi\u00e7os de Manuten\u00e7\u00e3o"},"content":{"rendered":"","protected":false},"excerpt":{"rendered":"<p><strong>Wassim Raja El Banna<\/strong><\/p>\n<p>Este livro faz parte dos estudos de manuten\u00e7\u00e3o automotiva. Ele foi preparado para que voc\u00ea aprenda o planejamento e a qualidade em servi\u00e7os de manuten\u00e7\u00e3o no campo automotivo. Aqui, voc\u00ea ter\u00e1 no\u00e7\u00f5es dos planos de manuten\u00e7\u00e3o, ferramentas da qualidade, al\u00e9m de normas b\u00e1sicas dentro da manuten\u00e7\u00e3o.<\/p>\n<div class=\"botao-livro-curso\"><button class=\"botao-demo\"><a class=\"link-demo\" href=\"https:\/\/novo.nteditora.com.br\/demos\/tecnico\/PQM_livro_demo.pdf\" target=\"_blank\" rel=\"noopener\">Leia o primeiro cap\u00edtulo GR\u00c1TIS<\/a><\/button><\/div>\n","protected":false},"featured_media":1955,"template":"","meta":[],"product_brand":[],"product_cat":[22,16],"product_tag":[],"class_list":{"0":"post-1931","1":"product","2":"type-product","3":"status-publish","4":"has-post-thumbnail","6":"product_cat-controle-de-processos-industriais","7":"product_cat-formacao-tecnico-e-profissional","9":"first","10":"onbackorder","11":"taxable","12":"shipping-taxable","13":"purchasable","14":"product-type-simple"},"_links":{"self":[{"href":"http:\/\/novo.nteditora.com.br\/loja\/wp-json\/wp\/v2\/product\/1931","targetHints":{"allow":["GET"]}}],"collection":[{"href":"http:\/\/novo.nteditora.com.br\/loja\/wp-json\/wp\/v2\/product"}],"about":[{"href":"http:\/\/novo.nteditora.com.br\/loja\/wp-json\/wp\/v2\/types\/product"}],"wp:featuredmedia":[{"embeddable":true,"href":"http:\/\/novo.nteditora.com.br\/loja\/wp-json\/wp\/v2\/media\/1955"}],"wp:attachment":[{"href":"http:\/\/novo.nteditora.com.br\/loja\/wp-json\/wp\/v2\/media?parent=1931"}],"wp:term":[{"taxonomy":"product_brand","embeddable":true,"href":"http:\/\/novo.nteditora.com.br\/loja\/wp-json\/wp\/v2\/product_brand?post=1931"},{"taxonomy":"product_cat","embeddable":true,"href":"http:\/\/novo.nteditora.com.br\/loja\/wp-json\/wp\/v2\/product_cat?post=1931"},{"taxonomy":"product_tag","embeddable":true,"href":"http:\/\/novo.nteditora.com.br\/loja\/wp-json\/wp\/v2\/product_tag?post=1931"}],"curies":[{"name":"wp","href":"https:\/\/api.w.org\/{rel}","templated":true}]}}