{"id":1988,"date":"2024-05-09T00:34:16","date_gmt":"2024-05-09T03:34:16","guid":{"rendered":"https:\/\/novo.nteditora.com.br\/loja\/?post_type=product&#038;p=1988"},"modified":"2024-08-20T09:34:15","modified_gmt":"2024-08-20T12:34:15","slug":"sistemas-eletroeletronicos-automotivos","status":"publish","type":"product","link":"http:\/\/novo.nteditora.com.br\/loja\/produto\/sistemas-eletroeletronicos-automotivos\/","title":{"rendered":"Sistemas Eletroeletr\u00f4nicos Automotivos"},"content":{"rendered":"","protected":false},"excerpt":{"rendered":"<p><strong>Maciel da Costa Furtado<\/strong><\/p>\n<p>Ao longo dos \u00faltimos anos, a ind\u00fastria automotiva cada vez mais vem incorporando sistemas eletr\u00f4nicos de controle e acionamentos control\u00e1veis. No in\u00edcio dessa transforma\u00e7\u00e3o, por exemplo, ocorreu uma substitui\u00e7\u00e3o do sistema de igni\u00e7\u00e3o com platinado pela igni\u00e7\u00e3o eletr\u00f4nica, paralelamente a isso, ocorreu o surgimento da inje\u00e7\u00e3o eletr\u00f4nica. Mudan\u00e7as como essas t\u00eam mostrado que a utiliza\u00e7\u00e3o da eletroeletr\u00f4nica em ve\u00edculos automotivos cresceu exponencialmente nos \u00faltimos anos. Este material proporciona o entendimento e o diagn\u00f3stico de falhas de componentes eletroeletr\u00f4nicos relacionados ao setor automotivo, assim  serve como instrumento de consulta com informa\u00e7\u00f5es detalhadas, aplic\u00e1veis de forma pr\u00e1tica no dia a dia do profissional de manuten\u00e7\u00e3o automotiva.<\/p>\n<div class=\"botao-livro-curso\"><button class=\"botao-demo\"><a class=\"link-demo\" href=\"https:\/\/novo.nteditora.com.br\/demos\/tecnico\/SA1_livro_demo.pdf\" target=\"_blank\" rel=\"noopener\">Leia o primeiro cap\u00edtulo GR\u00c1TIS<\/a><\/button><\/div>\n","protected":false},"featured_media":2039,"template":"","meta":[],"product_brand":[],"product_cat":[22,16],"product_tag":[],"class_list":{"0":"post-1988","1":"product","2":"type-product","3":"status-publish","4":"has-post-thumbnail","6":"product_cat-controle-de-processos-industriais","7":"product_cat-formacao-tecnico-e-profissional","9":"first","10":"onbackorder","11":"taxable","12":"shipping-taxable","13":"purchasable","14":"product-type-simple"},"_links":{"self":[{"href":"http:\/\/novo.nteditora.com.br\/loja\/wp-json\/wp\/v2\/product\/1988","targetHints":{"allow":["GET"]}}],"collection":[{"href":"http:\/\/novo.nteditora.com.br\/loja\/wp-json\/wp\/v2\/product"}],"about":[{"href":"http:\/\/novo.nteditora.com.br\/loja\/wp-json\/wp\/v2\/types\/product"}],"wp:featuredmedia":[{"embeddable":true,"href":"http:\/\/novo.nteditora.com.br\/loja\/wp-json\/wp\/v2\/media\/2039"}],"wp:attachment":[{"href":"http:\/\/novo.nteditora.com.br\/loja\/wp-json\/wp\/v2\/media?parent=1988"}],"wp:term":[{"taxonomy":"product_brand","embeddable":true,"href":"http:\/\/novo.nteditora.com.br\/loja\/wp-json\/wp\/v2\/product_brand?post=1988"},{"taxonomy":"product_cat","embeddable":true,"href":"http:\/\/novo.nteditora.com.br\/loja\/wp-json\/wp\/v2\/product_cat?post=1988"},{"taxonomy":"product_tag","embeddable":true,"href":"http:\/\/novo.nteditora.com.br\/loja\/wp-json\/wp\/v2\/product_tag?post=1988"}],"curies":[{"name":"wp","href":"https:\/\/api.w.org\/{rel}","templated":true}]}}