{"id":2036,"date":"2024-05-08T00:20:56","date_gmt":"2024-05-08T03:20:56","guid":{"rendered":"https:\/\/novo.nteditora.com.br\/loja\/?post_type=product&#038;p=2036"},"modified":"2024-08-20T09:34:06","modified_gmt":"2024-08-20T12:34:06","slug":"familia-e-direitos-da-crianca","status":"publish","type":"product","link":"http:\/\/novo.nteditora.com.br\/loja\/produto\/familia-e-direitos-da-crianca\/","title":{"rendered":"Fam\u00edlia e Direitos da Crian\u00e7a"},"content":{"rendered":"","protected":false},"excerpt":{"rendered":"<p><strong>Helen Fernanda Barbosa Batista, Ana Cl\u00e1udia Pinheiro e Espedito Mangueira de Lima<\/strong><\/p>\n<p>Este material aborda a preven\u00e7\u00e3o de doen\u00e7as e promo\u00e7\u00e3o da sa\u00fade da crian\u00e7a durante o crescimento e o desenvolvimento visando \u00e0 compreens\u00e3o da import\u00e2ncia do acolhimento, da responsabiliza\u00e7\u00e3o e da forma\u00e7\u00e3o de v\u00ednculo do agente comunit\u00e1rio de sa\u00fade (ACS). S\u00e3o considerados, nesse entendimento, os contextos social, pol\u00edtico, cultural e econ\u00f4mico, articulados com os principais programas de sa\u00fade, para atuar na educa\u00e7\u00e3o em sa\u00fade e no acompanhamento desse grupo e de sua fam\u00edlia na aten\u00e7\u00e3o b\u00e1sica.<\/p>\n<div class=\"botao-livro-curso\"><button class=\"botao-demo\" data-lt-tmp-id=\"lt-247506\" data-gramm=\"false\"><a class=\"link-demo\" href=\"https:\/\/novo.nteditora.com.br\/demos\/tecnico\/FDC_livro_demo.pdf\" target=\"_blank\" rel=\"noopener\">Leia o primeiro cap\u00edtulo GR\u00c1TIS<\/a><\/button><\/div>\n","protected":false},"featured_media":2038,"template":"","meta":[],"product_brand":[],"product_cat":[17,16],"product_tag":[],"class_list":{"0":"post-2036","1":"product","2":"type-product","3":"status-publish","4":"has-post-thumbnail","6":"product_cat-ambiente-e-saude","7":"product_cat-formacao-tecnico-e-profissional","9":"first","10":"onbackorder","11":"taxable","12":"shipping-taxable","13":"purchasable","14":"product-type-simple"},"_links":{"self":[{"href":"http:\/\/novo.nteditora.com.br\/loja\/wp-json\/wp\/v2\/product\/2036","targetHints":{"allow":["GET"]}}],"collection":[{"href":"http:\/\/novo.nteditora.com.br\/loja\/wp-json\/wp\/v2\/product"}],"about":[{"href":"http:\/\/novo.nteditora.com.br\/loja\/wp-json\/wp\/v2\/types\/product"}],"wp:featuredmedia":[{"embeddable":true,"href":"http:\/\/novo.nteditora.com.br\/loja\/wp-json\/wp\/v2\/media\/2038"}],"wp:attachment":[{"href":"http:\/\/novo.nteditora.com.br\/loja\/wp-json\/wp\/v2\/media?parent=2036"}],"wp:term":[{"taxonomy":"product_brand","embeddable":true,"href":"http:\/\/novo.nteditora.com.br\/loja\/wp-json\/wp\/v2\/product_brand?post=2036"},{"taxonomy":"product_cat","embeddable":true,"href":"http:\/\/novo.nteditora.com.br\/loja\/wp-json\/wp\/v2\/product_cat?post=2036"},{"taxonomy":"product_tag","embeddable":true,"href":"http:\/\/novo.nteditora.com.br\/loja\/wp-json\/wp\/v2\/product_tag?post=2036"}],"curies":[{"name":"wp","href":"https:\/\/api.w.org\/{rel}","templated":true}]}}