{"id":2044,"date":"2024-05-09T00:35:12","date_gmt":"2024-05-09T03:35:12","guid":{"rendered":"https:\/\/novo.nteditora.com.br\/loja\/?post_type=product&#038;p=2044"},"modified":"2024-08-20T09:34:15","modified_gmt":"2024-08-20T12:34:15","slug":"subestacoes-eletricas","status":"publish","type":"product","link":"http:\/\/novo.nteditora.com.br\/loja\/produto\/subestacoes-eletricas\/","title":{"rendered":"Subesta\u00e7\u00f5es El\u00e9tricas"},"content":{"rendered":"","protected":false},"excerpt":{"rendered":"<p><strong>Nivaldo Carleto<\/strong><\/p>\n<p>\u00c9 muito importante estudar assuntos sobre subesta\u00e7\u00f5es el\u00e9tricas, j\u00e1 que a demanda por energia el\u00e9trica vem crescendo exponencialmente no mundo, tendo em vista a evolu\u00e7\u00e3o da tecnologia e as novas formas de gera\u00e7\u00e3o, transmiss\u00e3o e distribui\u00e7\u00e3o de energia. Diante disso, este livro mostra-se essencial ao estudante de eletrot\u00e9cnica para desenvolver as compet\u00eancias e habilidades necess\u00e1rias de um futuro t\u00e9cnico projetista.<\/p>\n<div class=\"botao-livro-curso\"><button class=\"botao-demo\"><a class=\"link-demo\" href=\"https:\/\/novo.nteditora.com.br\/demos\/tecnico\/SUE_livro_demo.pdf\" target=\"_blank\" rel=\"noopener\">Leia o primeiro cap\u00edtulo GR\u00c1TIS<\/a><\/button><\/div>\n","protected":false},"featured_media":2005,"template":"","meta":[],"product_brand":[],"product_cat":[22,16],"product_tag":[],"class_list":{"0":"post-2044","1":"product","2":"type-product","3":"status-publish","4":"has-post-thumbnail","6":"product_cat-controle-de-processos-industriais","7":"product_cat-formacao-tecnico-e-profissional","9":"first","10":"onbackorder","11":"taxable","12":"shipping-taxable","13":"purchasable","14":"product-type-simple"},"_links":{"self":[{"href":"http:\/\/novo.nteditora.com.br\/loja\/wp-json\/wp\/v2\/product\/2044","targetHints":{"allow":["GET"]}}],"collection":[{"href":"http:\/\/novo.nteditora.com.br\/loja\/wp-json\/wp\/v2\/product"}],"about":[{"href":"http:\/\/novo.nteditora.com.br\/loja\/wp-json\/wp\/v2\/types\/product"}],"wp:featuredmedia":[{"embeddable":true,"href":"http:\/\/novo.nteditora.com.br\/loja\/wp-json\/wp\/v2\/media\/2005"}],"wp:attachment":[{"href":"http:\/\/novo.nteditora.com.br\/loja\/wp-json\/wp\/v2\/media?parent=2044"}],"wp:term":[{"taxonomy":"product_brand","embeddable":true,"href":"http:\/\/novo.nteditora.com.br\/loja\/wp-json\/wp\/v2\/product_brand?post=2044"},{"taxonomy":"product_cat","embeddable":true,"href":"http:\/\/novo.nteditora.com.br\/loja\/wp-json\/wp\/v2\/product_cat?post=2044"},{"taxonomy":"product_tag","embeddable":true,"href":"http:\/\/novo.nteditora.com.br\/loja\/wp-json\/wp\/v2\/product_tag?post=2044"}],"curies":[{"name":"wp","href":"https:\/\/api.w.org\/{rel}","templated":true}]}}