{"id":2045,"date":"2024-05-09T00:36:14","date_gmt":"2024-05-09T03:36:14","guid":{"rendered":"https:\/\/novo.nteditora.com.br\/loja\/?post_type=product&#038;p=2045"},"modified":"2024-08-20T09:34:16","modified_gmt":"2024-08-20T12:34:16","slug":"termodinamica-aplicada","status":"publish","type":"product","link":"http:\/\/novo.nteditora.com.br\/loja\/produto\/termodinamica-aplicada\/","title":{"rendered":"Termodin\u00e2mica Aplicada"},"content":{"rendered":"","protected":false},"excerpt":{"rendered":"<p><strong>Durval Bertoldo Menezes<\/strong><\/p>\n<p>Este livro traz que o estudo dos fen\u00f4menos termodin\u00e2micos \u00e9 de fundamental import\u00e2ncia para a compreens\u00e3o dos mecanismos de funcionamento dos motores de um autom\u00f3vel. Sua perfeita compreens\u00e3o torna mais f\u00e1cil o entendimento acerca dos processos eletrotermomec\u00e2nicos envolvidos no funcionamento dos motores, sejam eles de igni\u00e7\u00e3o ou a diesel. Em um ve\u00edculo moderno, \u00e9 grande a depend\u00eancia em rela\u00e7\u00e3o \u00e0 intera\u00e7\u00e3o entre as partes el\u00e9tricas, t\u00e9rmicas e mec\u00e2nicas, principalmente devido \u00e0 consci\u00eancia ambiental que hoje \u00e9 um ponto essencial nos processos de funcionamento de um ve\u00edculo. A perfeita sincronia entre essas partes faz com que os ve\u00edculos sejam cada vez mais econ\u00f4micos e, portanto, agridam menos o meio ambiente.<\/p>\n<div class=\"botao-livro-curso\"><button class=\"botao-demo\"><a class=\"link-demo\" href=\"https:\/\/novo.nteditora.com.br\/demos\/tecnico\/TER_livro_demo.pdf\" target=\"_blank\" rel=\"noopener\">Leia o primeiro cap\u00edtulo GR\u00c1TIS<\/a><\/button><\/div>\n","protected":false},"featured_media":2007,"template":"","meta":[],"product_brand":[],"product_cat":[22,16],"product_tag":[],"class_list":{"0":"post-2045","1":"product","2":"type-product","3":"status-publish","4":"has-post-thumbnail","6":"product_cat-controle-de-processos-industriais","7":"product_cat-formacao-tecnico-e-profissional","9":"first","10":"onbackorder","11":"taxable","12":"shipping-taxable","13":"purchasable","14":"product-type-simple"},"_links":{"self":[{"href":"http:\/\/novo.nteditora.com.br\/loja\/wp-json\/wp\/v2\/product\/2045","targetHints":{"allow":["GET"]}}],"collection":[{"href":"http:\/\/novo.nteditora.com.br\/loja\/wp-json\/wp\/v2\/product"}],"about":[{"href":"http:\/\/novo.nteditora.com.br\/loja\/wp-json\/wp\/v2\/types\/product"}],"wp:featuredmedia":[{"embeddable":true,"href":"http:\/\/novo.nteditora.com.br\/loja\/wp-json\/wp\/v2\/media\/2007"}],"wp:attachment":[{"href":"http:\/\/novo.nteditora.com.br\/loja\/wp-json\/wp\/v2\/media?parent=2045"}],"wp:term":[{"taxonomy":"product_brand","embeddable":true,"href":"http:\/\/novo.nteditora.com.br\/loja\/wp-json\/wp\/v2\/product_brand?post=2045"},{"taxonomy":"product_cat","embeddable":true,"href":"http:\/\/novo.nteditora.com.br\/loja\/wp-json\/wp\/v2\/product_cat?post=2045"},{"taxonomy":"product_tag","embeddable":true,"href":"http:\/\/novo.nteditora.com.br\/loja\/wp-json\/wp\/v2\/product_tag?post=2045"}],"curies":[{"name":"wp","href":"https:\/\/api.w.org\/{rel}","templated":true}]}}