{"id":2055,"date":"2024-05-12T00:08:00","date_gmt":"2024-05-12T03:08:00","guid":{"rendered":"https:\/\/novo.nteditora.com.br\/loja\/?post_type=product&#038;p=2055"},"modified":"2024-08-20T09:34:04","modified_gmt":"2024-08-20T12:34:04","slug":"desenvolvimento-em-java","status":"publish","type":"product","link":"http:\/\/novo.nteditora.com.br\/loja\/produto\/desenvolvimento-em-java\/","title":{"rendered":"Desenvolvimento em Java"},"content":{"rendered":"","protected":false},"excerpt":{"rendered":"<p><strong>Glauber Boff<\/strong><\/p>\n<p>O  Java \u00e9 uma das linguagens de programa\u00e7\u00e3o mais utilizadas no universo da Internet. Devido \u00e0 sua simplicidade, robustez e portabilidade, imp\u00f5e-se hoje como uma das linguagens de programa\u00e7\u00e3o mais importantes. Neste material, voc\u00ea conhecer\u00e1 conceitos b\u00e1sicos do Java e aprender\u00e1 a instalar, configurar e testar o Java Development Kit (JDK); a entender, escrever, salvar, compilar e executar programas na linguagem Java; a conhecer e utilizar operadores da linguagem; e a implementar controle de fluxo e programar la\u00e7os com as principais instru\u00e7\u00f5es. Al\u00e9m disso, aprender\u00e1 os conceitos de programa\u00e7\u00e3o de orienta\u00e7\u00e3o a objetos utilizando essa poderosa linguagem de programa\u00e7\u00e3o.<\/p>\n<div class=\"botao-livro-curso\"><button class=\"botao-demo\"><a class=\"link-demo\" href=\"https:\/\/novo.nteditora.com.br\/demos\/tecnico\/DEJ_livro_demo.pdf\" target=\"_blank\" rel=\"noopener\">Leia o primeiro cap\u00edtulo GR\u00c1TIS<\/a><\/button><\/div>\n","protected":false},"featured_media":2062,"template":"","meta":[],"product_brand":[],"product_cat":[16,19],"product_tag":[],"class_list":{"0":"post-2055","1":"product","2":"type-product","3":"status-publish","4":"has-post-thumbnail","6":"product_cat-formacao-tecnico-e-profissional","7":"product_cat-informacao-e-comunicacao","9":"first","10":"onbackorder","11":"taxable","12":"shipping-taxable","13":"purchasable","14":"product-type-simple"},"_links":{"self":[{"href":"http:\/\/novo.nteditora.com.br\/loja\/wp-json\/wp\/v2\/product\/2055","targetHints":{"allow":["GET"]}}],"collection":[{"href":"http:\/\/novo.nteditora.com.br\/loja\/wp-json\/wp\/v2\/product"}],"about":[{"href":"http:\/\/novo.nteditora.com.br\/loja\/wp-json\/wp\/v2\/types\/product"}],"wp:featuredmedia":[{"embeddable":true,"href":"http:\/\/novo.nteditora.com.br\/loja\/wp-json\/wp\/v2\/media\/2062"}],"wp:attachment":[{"href":"http:\/\/novo.nteditora.com.br\/loja\/wp-json\/wp\/v2\/media?parent=2055"}],"wp:term":[{"taxonomy":"product_brand","embeddable":true,"href":"http:\/\/novo.nteditora.com.br\/loja\/wp-json\/wp\/v2\/product_brand?post=2055"},{"taxonomy":"product_cat","embeddable":true,"href":"http:\/\/novo.nteditora.com.br\/loja\/wp-json\/wp\/v2\/product_cat?post=2055"},{"taxonomy":"product_tag","embeddable":true,"href":"http:\/\/novo.nteditora.com.br\/loja\/wp-json\/wp\/v2\/product_tag?post=2055"}],"curies":[{"name":"wp","href":"https:\/\/api.w.org\/{rel}","templated":true}]}}