{"id":21,"date":"2024-05-11T00:01:59","date_gmt":"2024-05-11T03:01:59","guid":{"rendered":"https:\/\/novo.nteditora.com.br\/loja\/?post_type=product&#038;p=21"},"modified":"2024-08-20T09:34:01","modified_gmt":"2024-08-20T12:34:01","slug":"administracao-de-compras-publica-e-privada","status":"publish","type":"product","link":"http:\/\/novo.nteditora.com.br\/loja\/produto\/administracao-de-compras-publica-e-privada\/","title":{"rendered":"Administra\u00e7\u00e3o de Compras P\u00fablica e Privada"},"content":{"rendered":"","protected":false},"excerpt":{"rendered":"<p><strong>M\u00e1rcia Cristina de Moraes Siqueira (Organizadora)<\/strong><\/p>\n<p>A complexidade das rela\u00e7\u00f5es entre consumidores e empresas, bem como entre empresas e fornecedores, aumentou durante os \u00faltimos anos devido a maiores exig\u00eancias do mercado consumidor. Essas mudan\u00e7as requerem especializa\u00e7\u00f5es no que se refere \u00e0 administra\u00e7\u00e3o de compras dentro das empresas. Com este material, voc\u00ea aprender\u00e1 que a fun\u00e7\u00e3o de administrar compras gera diversas vantagens, tais como aumento da qualidade dos produtos e servi\u00e7os que ser\u00e3o obtidos, obten\u00e7\u00e3o de lucros em raz\u00e3o de um melhor planejamento de compras e aumento do capital de giro.<\/p>\n<div class=\"botao-livro-curso\"><button class=\"botao-demo\"><a class=\"link-demo\" href=\"https:\/\/novo.nteditora.com.br\/demos\/tecnico\/ACP_livro_demo.pdf\" target=\"_blank\" rel=\"noopener\">Leia o primeiro cap\u00edtulo GR\u00c1TIS<\/a><\/button><\/div>\n","protected":false},"featured_media":51,"template":"","meta":[],"product_brand":[],"product_cat":[16,18],"product_tag":[],"class_list":{"0":"post-21","1":"product","2":"type-product","3":"status-publish","4":"has-post-thumbnail","6":"product_cat-formacao-tecnico-e-profissional","7":"product_cat-gestao-e-negocios","9":"first","10":"onbackorder","11":"taxable","12":"shipping-taxable","13":"purchasable","14":"product-type-simple"},"_links":{"self":[{"href":"http:\/\/novo.nteditora.com.br\/loja\/wp-json\/wp\/v2\/product\/21","targetHints":{"allow":["GET"]}}],"collection":[{"href":"http:\/\/novo.nteditora.com.br\/loja\/wp-json\/wp\/v2\/product"}],"about":[{"href":"http:\/\/novo.nteditora.com.br\/loja\/wp-json\/wp\/v2\/types\/product"}],"wp:featuredmedia":[{"embeddable":true,"href":"http:\/\/novo.nteditora.com.br\/loja\/wp-json\/wp\/v2\/media\/51"}],"wp:attachment":[{"href":"http:\/\/novo.nteditora.com.br\/loja\/wp-json\/wp\/v2\/media?parent=21"}],"wp:term":[{"taxonomy":"product_brand","embeddable":true,"href":"http:\/\/novo.nteditora.com.br\/loja\/wp-json\/wp\/v2\/product_brand?post=21"},{"taxonomy":"product_cat","embeddable":true,"href":"http:\/\/novo.nteditora.com.br\/loja\/wp-json\/wp\/v2\/product_cat?post=21"},{"taxonomy":"product_tag","embeddable":true,"href":"http:\/\/novo.nteditora.com.br\/loja\/wp-json\/wp\/v2\/product_tag?post=21"}],"curies":[{"name":"wp","href":"https:\/\/api.w.org\/{rel}","templated":true}]}}