{"id":26,"date":"2024-05-11T00:04:00","date_gmt":"2024-05-11T03:04:00","guid":{"rendered":"https:\/\/novo.nteditora.com.br\/loja\/?post_type=product&#038;p=26"},"modified":"2024-08-20T09:34:02","modified_gmt":"2024-08-20T12:34:02","slug":"administracao-mercadologica","status":"publish","type":"product","link":"http:\/\/novo.nteditora.com.br\/loja\/produto\/administracao-mercadologica\/","title":{"rendered":"Administra\u00e7\u00e3o Mercadol\u00f3gica"},"content":{"rendered":"","protected":false},"excerpt":{"rendered":"<p><strong>Edeuzane de F\u00e1tima Pereira da Silva Steinmetz<\/strong><\/p>\n<p>A administra\u00e7\u00e3o mercadol\u00f3gica est\u00e1 presente em toda empresa e, em geral, est\u00e1 ligada \u00e0 \u00e1rea de marketing. \u00c9 um estudo pelo qual voc\u00ea poder\u00e1 identificar os tipos de clientes e concorrentes, bem como o posicionamento e o ciclo de vida dos produtos, com o intuito de aprender a posicionar a empresa e seus produtos e servi\u00e7os com destaque dentro do mercado, sabendo selecionar o mercado-alvo e desenvolver novas ofertas. Este material o ajudar\u00e1 a compreender o ambiente mercadol\u00f3gico em que sua empresa est\u00e1 inserida e como aplicar os elementos de marketing de produtos e servi\u00e7os dentro da empresa. Voc\u00ea tamb\u00e9m aprender\u00e1 a identificar o perfil de seus concorrentes e consumidores e a tra\u00e7ar estrat\u00e9gias para sobreviver no mercado concorrente.<\/p>\n<div class=\"botao-livro-curso\"><button class=\"botao-demo\"><a class=\"link-demo\" href=\"https:\/\/novo.nteditora.com.br\/demos\/tecnico\/AME_livro_demo.pdf\" target=\"_blank\" rel=\"noopener\">Leia o primeiro cap\u00edtulo GR\u00c1TIS<\/a><\/button><\/div>\n","protected":false},"featured_media":56,"template":"","meta":[],"product_brand":[],"product_cat":[16,18],"product_tag":[],"class_list":{"0":"post-26","1":"product","2":"type-product","3":"status-publish","4":"has-post-thumbnail","6":"product_cat-formacao-tecnico-e-profissional","7":"product_cat-gestao-e-negocios","9":"first","10":"onbackorder","11":"taxable","12":"shipping-taxable","13":"purchasable","14":"product-type-simple"},"_links":{"self":[{"href":"http:\/\/novo.nteditora.com.br\/loja\/wp-json\/wp\/v2\/product\/26","targetHints":{"allow":["GET"]}}],"collection":[{"href":"http:\/\/novo.nteditora.com.br\/loja\/wp-json\/wp\/v2\/product"}],"about":[{"href":"http:\/\/novo.nteditora.com.br\/loja\/wp-json\/wp\/v2\/types\/product"}],"wp:featuredmedia":[{"embeddable":true,"href":"http:\/\/novo.nteditora.com.br\/loja\/wp-json\/wp\/v2\/media\/56"}],"wp:attachment":[{"href":"http:\/\/novo.nteditora.com.br\/loja\/wp-json\/wp\/v2\/media?parent=26"}],"wp:term":[{"taxonomy":"product_brand","embeddable":true,"href":"http:\/\/novo.nteditora.com.br\/loja\/wp-json\/wp\/v2\/product_brand?post=26"},{"taxonomy":"product_cat","embeddable":true,"href":"http:\/\/novo.nteditora.com.br\/loja\/wp-json\/wp\/v2\/product_cat?post=26"},{"taxonomy":"product_tag","embeddable":true,"href":"http:\/\/novo.nteditora.com.br\/loja\/wp-json\/wp\/v2\/product_tag?post=26"}],"curies":[{"name":"wp","href":"https:\/\/api.w.org\/{rel}","templated":true}]}}