{"id":80,"date":"2024-05-09T00:00:08","date_gmt":"2024-05-09T03:00:08","guid":{"rendered":"https:\/\/novo.nteditora.com.br\/loja\/?post_type=product&#038;p=80"},"modified":"2024-08-20T09:34:03","modified_gmt":"2024-08-20T12:34:03","slug":"ciencia-dos-materiais","status":"publish","type":"product","link":"http:\/\/novo.nteditora.com.br\/loja\/produto\/ciencia-dos-materiais\/","title":{"rendered":"Ci\u00eancia dos Materiais"},"content":{"rendered":"","protected":false},"excerpt":{"rendered":"<p><strong>Durval Bertoldo Menezes<\/strong><\/p>\n<p>Com o expressivo crescimento atual da nanoci\u00eancia e nanotecnologia, a ci\u00eancia dos materiais se tornou uma \u00e1rea espec\u00edfica da ci\u00eancia e da engenharia. Este conte\u00fado mostra que as restri\u00e7\u00f5es dos materiais que est\u00e3o dispon\u00edveis atualmente requerem avan\u00e7os neste campo, pois isso traz um impacto expressivo sobre a ind\u00fastria automotiva. Os novos materiais, al\u00e9m de melhores do ponto de vista f\u00edsico e qu\u00edmico, s\u00e3o essenciais para diminuir os custos de produ\u00e7\u00e3o e para tornar, por exemplo, os ve\u00edculos mais leves, o que, por sua vez, impacta diretamente no consumo de combust\u00edvel dessas m\u00e1quinas.<\/p>\n<div class=\"botao-livro-curso\"><button class=\"botao-demo\"><a class=\"link-demo\" href=\"https:\/\/novo.nteditora.com.br\/demos\/tecnico\/CMA_livro_demo.pdf\" target=\"_blank\" rel=\"noopener\">Leia o primeiro cap\u00edtulo GR\u00c1TIS<\/a><\/button><\/div>\n","protected":false},"featured_media":110,"template":"","meta":[],"product_brand":[],"product_cat":[22,16],"product_tag":[],"class_list":{"0":"post-80","1":"product","2":"type-product","3":"status-publish","4":"has-post-thumbnail","6":"product_cat-controle-de-processos-industriais","7":"product_cat-formacao-tecnico-e-profissional","9":"first","10":"onbackorder","11":"taxable","12":"shipping-taxable","13":"purchasable","14":"product-type-simple"},"_links":{"self":[{"href":"http:\/\/novo.nteditora.com.br\/loja\/wp-json\/wp\/v2\/product\/80","targetHints":{"allow":["GET"]}}],"collection":[{"href":"http:\/\/novo.nteditora.com.br\/loja\/wp-json\/wp\/v2\/product"}],"about":[{"href":"http:\/\/novo.nteditora.com.br\/loja\/wp-json\/wp\/v2\/types\/product"}],"wp:featuredmedia":[{"embeddable":true,"href":"http:\/\/novo.nteditora.com.br\/loja\/wp-json\/wp\/v2\/media\/110"}],"wp:attachment":[{"href":"http:\/\/novo.nteditora.com.br\/loja\/wp-json\/wp\/v2\/media?parent=80"}],"wp:term":[{"taxonomy":"product_brand","embeddable":true,"href":"http:\/\/novo.nteditora.com.br\/loja\/wp-json\/wp\/v2\/product_brand?post=80"},{"taxonomy":"product_cat","embeddable":true,"href":"http:\/\/novo.nteditora.com.br\/loja\/wp-json\/wp\/v2\/product_cat?post=80"},{"taxonomy":"product_tag","embeddable":true,"href":"http:\/\/novo.nteditora.com.br\/loja\/wp-json\/wp\/v2\/product_tag?post=80"}],"curies":[{"name":"wp","href":"https:\/\/api.w.org\/{rel}","templated":true}]}}