{"id":875,"date":"2024-06-03T00:25:22","date_gmt":"2024-06-03T03:25:22","guid":{"rendered":"https:\/\/novo.nteditora.com.br\/loja\/?post_type=product&#038;p=875"},"modified":"2024-08-20T16:43:17","modified_gmt":"2024-08-20T19:43:17","slug":"combo-livro-curso-silvicultura","status":"publish","type":"product","link":"http:\/\/novo.nteditora.com.br\/loja\/produto\/combo-livro-curso-silvicultura\/","title":{"rendered":"Combo Livro + Curso | Silvicultura"},"content":{"rendered":"","protected":false},"excerpt":{"rendered":"<p>Neste combo, voc\u00ea ter\u00e1 acesso ao <strong>Livro e o Curso Online de Silvicultura.<\/strong><\/p>\n<div id=\"nav-desc\" class=\"tab-pane fade show active\" role=\"tabpanel\" aria-labelledby=\"nav-desc-tab\">A silvicultura, que nada mais \u00e9 do que o cultivo de \u00e1rvores, vem se destacando no cen\u00e1rio brasileiro nos \u00faltimos anos. Estudos recentes indicam que as atividades silviculturais s\u00e3o respons\u00e1veis por 5% do Produto Interno Bruto do pa\u00eds, gerando milh\u00f5es de empregos diretos e indiretos, contribuindo para o desenvolvimento regional e melhorando a qualidade de vida de milh\u00f5es de pessoas. A silvicultura ajuda diretamente a manter as florestas nativas conservadas, mas tamb\u00e9m de forma indireta, por meio da realiza\u00e7\u00e3o de plantio de esp\u00e9cies nativas e ex\u00f3ticas, que \u00e9 capaz fornecer produtos derivados da floresta e reduz a press\u00e3o das florestas nativas. Produtos oriundos de florestas s\u00e3o utilizados pela a humanidade a milhares de anos e o consumo aumenta a cada dia. Para atender esta demanda crescente e aproveitando o perfil florestal do pa\u00eds, surgiu no Brasil um setor florestal forte e atuante, que abriga empresas de diversas \u00e1reas da economia, como o de celulose, de siderurgia, de moveis, serraria, tratamento de madeira, borracha, laminados, compensados, energia, etc. Atualmente, parte desse setor \u00e9 refer\u00eancia no mundo inteiro, gra\u00e7as as atividades silviculturais que foram desenvolvidas nas empresas, universidades e institutos de pesquisas.<\/div>\n<p><strong>Informa\u00e7\u00f5es do Curso:<\/strong><\/p>\n<ul>\n<li><strong>Tempo para Conclus\u00e3o:<\/strong> 3 meses<\/li>\n<li><strong>Carga hor\u00e1ria:<\/strong> 80 h<\/li>\n<\/ul>\n<div class=\"botao-livro-curso\"><button class=\"botao-demo\"><a class=\"link-demo\" href=\"https:\/\/novo.nteditora.com.br\/demos\/tecnico\/SIL_livro_demo.pdf\" target=\"_blank\" rel=\"noopener\">Leia o primeiro cap\u00edtulo GR\u00c1TIS<\/a><\/button><br \/>\n<button class=\"botao-demo\"><a class=\"link-demo\" href=\"https:\/\/avant.grupont.com.br\/dirVirtualLMS\/portais\/demos-html5\/sil\/index.html\" target=\"_blank\" rel=\"noopener\">Fa\u00e7a um degusta\u00e7\u00e3o GR\u00c1TIS<\/a><\/button><\/div>\n","protected":false},"featured_media":816,"template":"","meta":[],"product_brand":[],"product_cat":[29],"product_tag":[],"class_list":{"0":"post-875","1":"product","2":"type-product","3":"status-publish","4":"has-post-thumbnail","6":"product_cat-combos","8":"first","9":"instock","10":"sold-individually","11":"taxable","12":"shipping-taxable","13":"purchasable","14":"product-type-wooco"},"_links":{"self":[{"href":"http:\/\/novo.nteditora.com.br\/loja\/wp-json\/wp\/v2\/product\/875","targetHints":{"allow":["GET"]}}],"collection":[{"href":"http:\/\/novo.nteditora.com.br\/loja\/wp-json\/wp\/v2\/product"}],"about":[{"href":"http:\/\/novo.nteditora.com.br\/loja\/wp-json\/wp\/v2\/types\/product"}],"wp:featuredmedia":[{"embeddable":true,"href":"http:\/\/novo.nteditora.com.br\/loja\/wp-json\/wp\/v2\/media\/816"}],"wp:attachment":[{"href":"http:\/\/novo.nteditora.com.br\/loja\/wp-json\/wp\/v2\/media?parent=875"}],"wp:term":[{"taxonomy":"product_brand","embeddable":true,"href":"http:\/\/novo.nteditora.com.br\/loja\/wp-json\/wp\/v2\/product_brand?post=875"},{"taxonomy":"product_cat","embeddable":true,"href":"http:\/\/novo.nteditora.com.br\/loja\/wp-json\/wp\/v2\/product_cat?post=875"},{"taxonomy":"product_tag","embeddable":true,"href":"http:\/\/novo.nteditora.com.br\/loja\/wp-json\/wp\/v2\/product_tag?post=875"}],"curies":[{"name":"wp","href":"https:\/\/api.w.org\/{rel}","templated":true}]}}