{"id":878,"date":"2024-05-28T00:50:40","date_gmt":"2024-05-28T03:50:40","guid":{"rendered":"https:\/\/novo.nteditora.com.br\/loja\/?post_type=product&#038;p=878"},"modified":"2024-08-20T16:43:13","modified_gmt":"2024-08-20T19:43:13","slug":"combo-livro-curso-sistema-de-gestao-ambiental","status":"publish","type":"product","link":"http:\/\/novo.nteditora.com.br\/loja\/produto\/combo-livro-curso-sistema-de-gestao-ambiental\/","title":{"rendered":"Combo Livro + Curso | Sistema de Gest\u00e3o Ambiental"},"content":{"rendered":"","protected":false},"excerpt":{"rendered":"<p>Neste combo, voc\u00ea ter\u00e1 acesso ao <strong>Livro e o Curso Online de Sistema de Gest\u00e3o Ambiental.<\/strong><\/p>\n<div id=\"nav-desc\" class=\"tab-pane fade show active\" role=\"tabpanel\" aria-labelledby=\"nav-desc-tab\">Nas \u00faltimas d\u00e9cadas, as preocupa\u00e7\u00f5es referentes \u00e0s quest\u00f5es ambientais se intensificaram de tal maneira que iniciativas dos variados setores da sociedade, no intuito de minimizar as consequ\u00eancias ocasionadas pelo uso desgovernado dos recursos naturais v\u00eam sido desenvolvidas. A atua\u00e7\u00e3o das empresas de maneira ambientalmente correta e respons\u00e1vel \u00e9 considerada um diferencial entre as empresas e, em breve, pode tornar-se um pr\u00e9-requisito. Al\u00e9m disso, aquelas que aderem a essa nova realidade t\u00eam muito mais chances no mercado competitivo e globalizado, j\u00e1 que os consumidores naturalmente se tornam cada vez mais exigentes. Nesse contexto, este material busca identificar, compreender e aplicar objetivos, finalidades, fundamentos e princ\u00edpios de gest\u00e3o ambiental e certifica\u00e7\u00e3o ambiental para implanta\u00e7\u00e3o, controle e gest\u00e3o de um Sistema de Gest\u00e3o Ambiental e de estrat\u00e9gias de produ\u00e7\u00e3o limpa e sustent\u00e1vel.<\/div>\n<p><strong>Informa\u00e7\u00f5es do Curso:<\/strong><\/p>\n<ul>\n<li><strong>Tempo para Conclus\u00e3o:<\/strong> 2 meses<\/li>\n<li><strong>Carga hor\u00e1ria:<\/strong> 60 h<\/li>\n<\/ul>\n<div class=\"botao-livro-curso\"><button class=\"botao-demo\"><a class=\"link-demo\" href=\"https:\/\/novo.nteditora.com.br\/demos\/tecnico\/SGA_livro_demo.pdf\" target=\"_blank\" rel=\"noopener\">Leia o primeiro cap\u00edtulo GR\u00c1TIS<\/a><\/button><br \/>\n<button class=\"botao-demo\"><a class=\"link-demo\" href=\"https:\/\/avant.grupont.com.br\/dirVirtualLMS\/portais\/demos-html5\/sga\/index.html\" target=\"_blank\" rel=\"noopener\">Fa\u00e7a um degusta\u00e7\u00e3o GR\u00c1TIS<\/a><\/button><\/div>\n","protected":false},"featured_media":826,"template":"","meta":[],"product_brand":[],"product_cat":[29],"product_tag":[],"class_list":{"0":"post-878","1":"product","2":"type-product","3":"status-publish","4":"has-post-thumbnail","6":"product_cat-combos","8":"first","9":"instock","10":"sold-individually","11":"taxable","12":"shipping-taxable","13":"purchasable","14":"product-type-wooco"},"_links":{"self":[{"href":"http:\/\/novo.nteditora.com.br\/loja\/wp-json\/wp\/v2\/product\/878","targetHints":{"allow":["GET"]}}],"collection":[{"href":"http:\/\/novo.nteditora.com.br\/loja\/wp-json\/wp\/v2\/product"}],"about":[{"href":"http:\/\/novo.nteditora.com.br\/loja\/wp-json\/wp\/v2\/types\/product"}],"wp:featuredmedia":[{"embeddable":true,"href":"http:\/\/novo.nteditora.com.br\/loja\/wp-json\/wp\/v2\/media\/826"}],"wp:attachment":[{"href":"http:\/\/novo.nteditora.com.br\/loja\/wp-json\/wp\/v2\/media?parent=878"}],"wp:term":[{"taxonomy":"product_brand","embeddable":true,"href":"http:\/\/novo.nteditora.com.br\/loja\/wp-json\/wp\/v2\/product_brand?post=878"},{"taxonomy":"product_cat","embeddable":true,"href":"http:\/\/novo.nteditora.com.br\/loja\/wp-json\/wp\/v2\/product_cat?post=878"},{"taxonomy":"product_tag","embeddable":true,"href":"http:\/\/novo.nteditora.com.br\/loja\/wp-json\/wp\/v2\/product_tag?post=878"}],"curies":[{"name":"wp","href":"https:\/\/api.w.org\/{rel}","templated":true}]}}