{"id":952,"date":"2024-06-01T00:48:44","date_gmt":"2024-06-01T03:48:44","guid":{"rendered":"https:\/\/novo.nteditora.com.br\/loja\/?post_type=product&#038;p=952"},"modified":"2024-08-20T16:54:58","modified_gmt":"2024-08-20T19:54:58","slug":"combo-livro-curso-sistemas-eletronicos-de-apresentacao-powerpoint-2016","status":"publish","type":"product","link":"http:\/\/novo.nteditora.com.br\/loja\/produto\/combo-livro-curso-sistemas-eletronicos-de-apresentacao-powerpoint-2016\/","title":{"rendered":"Combo Livro + Curso | Sistemas Eletr\u00f4nicos de Apresenta\u00e7\u00e3o &#8211; Powerpoint 2016"},"content":{"rendered":"","protected":false},"excerpt":{"rendered":"<p>Neste combo, voc\u00ea ter\u00e1 acesso ao <strong>Livro e o Curso Online de Sistemas Eletr\u00f4nicos de Apresenta\u00e7\u00e3o &#8211; Powerpoint 2016.<\/strong><\/p>\n<div id=\"nav-desc\" class=\"tab-pane fade show active\" role=\"tabpanel\" aria-labelledby=\"nav-desc-tab\">O atual mercado profissional exige cada vez mais que as pessoas saibam se comunicar de forma objetiva e din\u00e2mica. Uma forma que se tem mostrado bastante eficaz em apresenta\u00e7\u00f5es tem sido a utiliza\u00e7\u00e3o de ferramentas eletr\u00f4nicas para a elabora\u00e7\u00e3o dessas apresenta\u00e7\u00f5es. Para tanto, \u00e9 fundamental conhecer recursos dispon\u00edveis nessas ferramentas e aproveitar ao m\u00e1ximo o benef\u00edcio de cada uma delas.\u00a0Uma dessas ferramentas \u00e9 o editor de apresenta\u00e7\u00f5es do pacote Office da Microsoft, o PowerPoint, o qual \u00e9 hoje dos sistemas mais utilizados para cria\u00e7\u00e3o, edi\u00e7\u00e3o e exibi\u00e7\u00e3o de apresenta\u00e7\u00f5es. Neste material, voc\u00ea ir\u00e1 aprender a utilizar os principais recursos do PowerPoint 2016, uma vers\u00e3o bastante atualizada do PowerPoint, que traz novos recursos a esse editor.<\/div>\n<p><strong>Informa\u00e7\u00f5es do Curso:<\/strong><\/p>\n<ul>\n<li><strong>Tempo para Conclus\u00e3o:<\/strong> 2 meses<\/li>\n<li><strong>Carga hor\u00e1ria: <\/strong>60 h<\/li>\n<\/ul>\n<div class=\"botao-livro-curso\"><button class=\"botao-demo\"><a class=\"link-demo\" href=\"https:\/\/novo.nteditora.com.br\/demos\/tecnico\/PPT16_livro_demo.pdf\" target=\"_blank\" rel=\"noopener\">Leia o primeiro cap\u00edtulo GR\u00c1TIS<\/a><\/button><br \/>\n<button class=\"botao-demo\"><a class=\"link-demo\" href=\"https:\/\/avant.grupont.com.br\/dirVirtualLMS\/portais\/demos-html5\/ppt16\/index.html\" target=\"_blank\" rel=\"noopener\">Fa\u00e7a um degusta\u00e7\u00e3o GR\u00c1TIS<\/a><\/button><\/div>\n","protected":false},"featured_media":871,"template":"","meta":[],"product_brand":[],"product_cat":[29],"product_tag":[],"class_list":{"0":"post-952","1":"product","2":"type-product","3":"status-publish","4":"has-post-thumbnail","6":"product_cat-combos","8":"first","9":"instock","10":"sold-individually","11":"taxable","12":"shipping-taxable","13":"purchasable","14":"product-type-wooco"},"_links":{"self":[{"href":"http:\/\/novo.nteditora.com.br\/loja\/wp-json\/wp\/v2\/product\/952","targetHints":{"allow":["GET"]}}],"collection":[{"href":"http:\/\/novo.nteditora.com.br\/loja\/wp-json\/wp\/v2\/product"}],"about":[{"href":"http:\/\/novo.nteditora.com.br\/loja\/wp-json\/wp\/v2\/types\/product"}],"wp:featuredmedia":[{"embeddable":true,"href":"http:\/\/novo.nteditora.com.br\/loja\/wp-json\/wp\/v2\/media\/871"}],"wp:attachment":[{"href":"http:\/\/novo.nteditora.com.br\/loja\/wp-json\/wp\/v2\/media?parent=952"}],"wp:term":[{"taxonomy":"product_brand","embeddable":true,"href":"http:\/\/novo.nteditora.com.br\/loja\/wp-json\/wp\/v2\/product_brand?post=952"},{"taxonomy":"product_cat","embeddable":true,"href":"http:\/\/novo.nteditora.com.br\/loja\/wp-json\/wp\/v2\/product_cat?post=952"},{"taxonomy":"product_tag","embeddable":true,"href":"http:\/\/novo.nteditora.com.br\/loja\/wp-json\/wp\/v2\/product_tag?post=952"}],"curies":[{"name":"wp","href":"https:\/\/api.w.org\/{rel}","templated":true}]}}